436352?
True
Does 11 divide 108900?
True
Does 253 divide 986194?
True
Does 64 divide 787008?
True
Is 15 a factor of 7245?
True
Is 9 a factor of 1256814?
True
Is 259191 a multiple of 3?
True
Is 15 a factor of 61005?
True
Is 20 a factor of 218910?
False
Does 35 divide 3209570?
True
Is 10725163 a multiple of 17?
False
Is 3367520 a multiple of 416?
True
Is 759066 a multiple of 22?
True
Does 21 divide 12516?
True
Is 906 a factor of 2289462?
True
Does 43 divide 195175?
False
Is 16 a factor of 625232?
True
Is 191792 a multiple of 115?
False
Is 9 a factor of 10903072?
False
Is 1365104 a multiple of 16?
True
Is 147 a factor of 293464?
False
Is 2133680 a multiple of 19?
False
Is 60 a factor of 503820?
True
Is 54800 a multiple of 80?
True
Is 12 a factor of 272364?
True
Is 34 a factor of 39945?
False
Is 1953496 a multiple of 10?
False
Does 459 divide 241893?
True
Does 5 divide 1407428?
False
Does 38 divide 3357072?
True
Is 32683 a multiple of 7?
True
Is 6 a factor of 131034?
True
Is 17 a factor of 851182?
False
Is 193332 a multiple of 10?
False
Is 7 a factor of 295821?
False
Is 533 a factor of 332059?
True
Is 85666 a multiple of 29?
True
Is 260586 even?
True
Is 2618 a factor of 1858780?
True
Is 97 a factor of 296141?
True
Is 208 a factor of 64064?
True
Is 22 a factor of 316734?
True
Is 544717 a multiple of 307?
False
Is 904723 a multiple of 13?
False
Does 95 divide 254358?
False
Does 11 divide 8066850?
True
Is 115047 a multiple of 7?
False
Is 392 a multiple of 4?
True
Is 13 a factor of 7830614?
False
Is 511 a factor of 453768?
True
Is 21303918 a multiple of 39?
False
Is 98084 a multiple of 4?
True
Is 139 a factor of 21820919?
False
Is 946776 a multiple of 412?
True
Is 520429 a multiple of 637?
True
Is 8745 a multiple of 33?
True
Is 269 a factor of 181306?
True
Is 911 a factor of 9137806?
False
Does 148 divide 38332?
True
Is 692019 a multiple of 17?
True
Is 34 a factor of 890255?
False
Does 303 divide 4444101?
True
Is 74 a factor of 3454940?
False
Is 4962090 a multiple of 30?
True
Is 31 a factor of 634120?
False
Does 124 divide 181164?
True
Is 52 a factor of 578136?
True
Is 217255 a multiple of 249?
False
Does 40 divide 237160?
True
Is 761502 a multiple of 9?
False
Is 1110375 a multiple of 423?
True
Is 52273 a multiple of 13?
True
Does 8 divide 48408?
True
Is 56 a factor of 248360?
True
Does 1190 divide 1350650?
True
Is 309739 a multiple of 76?
False
Is 851 a factor of 1067652?
False
Is 17376292 a multiple of 82?
True
Is 1454830 a multiple of 105?
False
Is 514 a factor of 9740086?
False
Does 78 divide 259093?
False
Is 497913 a multiple of 17?
True
Is 570492 a multiple of 722?
False
Does 58 divide 1458120?
True
Is 1031746 a multiple of 155?
False
Is 1996722 a multiple of 371?
True
Is 175 a factor of 338726?
False
Is 271416 a multiple of 24?
True
Does 14 divide 10402?
True
Does 14 divide 4303155?
False
Is 1703965 a multiple of 245?
False
Is 975300 a multiple of 121?
False
Is 17 a factor of 89877?
False
Does 40 divide 6754420?
False
Is 14 a factor of 37506?
True
Does 2353 divide 21042879?
True
Is 213788 a multiple of 116?
True
Is 80295 a multiple of 303?
True
Does 5 divide 1572604?
False
Is 4284425 a multiple of 35?
False
Is 29890 a multiple of 98?
True
Is 351698 a multiple of 41?
True
Is 252 a factor of 2787589?
False
Does 6 divide 351733?
False
Does 21 divide 12555?
False
Is 93 a factor of 6353438?
False
Is 5 a factor of 10980?
True
Is 83 a factor of 194385?
False
Is 3576199 a multiple of 53?
False
Is 193819 a multiple of 19?
True
Does 28 divide 111748?
True
Is 299705 a multiple of 134?
False
Does 172 divide 12074400?
True
Is 2574093 a multiple of 411?
True
Does 55 divide 2139445?
True
Is 7 a factor of 32445?
True
Is 539720 a multiple of 131?
True
Does 3 divide 68555?
False
Is 270 a factor of 16755822?
False
Is 3575470 a multiple of 110?
False
Is 14186 a multiple of 82?
True
Is 441259 a multiple of 373?
True
Is 117 a factor of 297018?
False
Is 2710303 a multiple of 214?
False
Is 1520104 a multiple of 762?
False
Is 923889 a multiple of 152?
False
Is 32015 a multiple of 19?
True
Is 1384789 a multiple of 96?
False
Does 10 divide 220030?
True
Does 108 divide 693576?
True
Is 233480 a multiple of 13?
True
Is 12 a factor of 198924?
True
Is 13 a factor of 519031?
False
Is 40049 a multiple of 3?
False
Is 13 a factor of 2269862?
False
Is 46659 a multiple of 16?
False
Is 1245105 a multiple of 115?
True
Is 47818158 a multiple of 19?
False
Is 12569991 a multiple of 1026?
False
Is 308 a factor of 2746739?
False
Is 792519 a multiple of 26?
False
Is 7267469 a multiple of 11?
True
Is 9 a factor of 123804?
True
Is 16 a factor of 2184614?
False
Does 89 divide 1310080?
True
Is 36 a factor of 7366793?
False
Does 7 divide 97727?
True
Does 562 divide 3032852?
False
Is 72 a factor of 33048?
True
Does 69 divide 1514757?
True
Is 112 a factor of 737520?
True
Does 117 divide 140634?
True
Is 1099835 a multiple of 11?
True
Is 4323216 a multiple of 344?
False
Is 68 a factor of 50796?
True
Does 30 divide 4103940?
True
Is 259 a factor of 1801013?
False
Is 175991 a multiple of 96?
False
Is 70794 a multiple of 104?
False
Is 20 a factor of 98354?
False
Is 2278998 a multiple of 8?
False
Is 392040 a multiple of 165?
True
Does 859 divide 3615531?
True
Is 335 a factor of 180296?
False
Does 36 divide 4970646?
False
Does 28 divide 38024?
True
Does 46 divide 2415414?
True
Is 340084 a multiple of 307?
False
Does 557 divide 10871526?
True
Does 51 divide 3073019?
False
Is 51 a factor of 122400?
True
Is 47 a factor of 38634?
True
Does 236 divide 540819?
False
Is 7486931 a multiple of 14?
False
Does 21 divide 886412?
False
Is 190045 a multiple of 199?
True
Is 19297122 a multiple of 114?
True
Is 895318 a multiple of 46?
False
Is 1649182 a multiple of 18?
False
Is 1676370 a multiple of 5?
True
Is 326 a factor of 21240?
False
Is 3 a factor of 681361?
False
Does 96 divide 1824?
True
Does 4 divide 1055633?
False
Does 3 divide 55305?
True
Does 134 divide 1945010?
True
Does 58 divide 1431556?
True
Does 195 divide 487499?
False
Does 15 divide 643974?
False
Is 417 a factor of 30024?
True
Is 256 a factor of 563712?
True
Is 18517140 a multiple of 212?
True
Is 217 a factor of 90377?
False
Is 741541 a multiple of 56?
False
Is 370685 a multiple of 623?
True
Is 90 a factor of 139140?
True
Is 181 a factor of 1419945?
True
Does 70 divide 80010?
True
Does 25 divide 189675?
True
Is 278895 a multiple of 12?
False
Is 376146 a multiple of 30?
False
Is 16 a factor of 409361?
False
Does 17 divide 525214?
False
Is 227450 a multiple of 10?
True
Is 17 a factor of 20418583?
False
Is 133 a factor of 13832?
True
Is 265 a factor of 2938882?
False
Is 1660 a factor of 4352520?
True
Does 4 divide 62324?
True
Does 358 divide 1372635?
False
Is 333885 a multiple of 431?
False
Does 15 divide 213251?
False
Is 19 a factor of 12084?
True
Is 51648 a multiple of 24?
True
Is 470 a factor of 60961?
False
Is 132 a factor of 352930?
False
Is 82 a factor of 552383?
False
Does 295 divide 631637?
False
Is 23214 a multiple of 3?
True
Is 17 a factor of 127058?
True
Does 14 divide 215787?
False
Is 196344 a multiple of 6?
True
Is 462027 a multiple of 34?
False
Is 1237359 a multiple of 9?
False
Is 90287 a multiple of 47?
True
Does 45 divide 182079?
False
Does 82 divide 540954?
True
Is 12784 a multiple of 186?
False
Is 224 a factor of 943712?
True
Is 1075 a factor of 2485400?
True
Is 1231 a multiple of 86?
False
Does 59 divide 11567714?
False
Is 55 a factor of 153175?
True
Is 124 a factor of 93992?
True
Is 3 a factor of 445081?
False
Is 937 a factor of 1080157?
False
Is 369 a factor of 3258034?
False
Is 1853064 a multiple of 8?
True
Is 3380454 a multiple of 18?
True
Does 393 divide 61016?
False
Is 955092 a multiple of 19?
True
Is 33524 a multiple of 85?
False
Is 3484548 a multiple of 43?
True
Is 21364 a multiple of 8?
False
Does 110 divide 86845?
False
Is 24 a factor of 2512536?
True
Is 421920 a multiple of 15?
True
Is 577741 a multiple of 67?
True
Does 33 divide 51294?
False
Does 812 divide 1269156?
True
Does 15 divide 1436670?
True
Is 11720 a multiple of 15?
False
Is 380736 a multiple of 16?
True
Is 1237905 a multiple of 3?
True
Does 33 divide 2631222?
True
Is 77015 a multiple of 11?
False
Is 82 a factor of 110618?
True
Is 44015 a multiple of 2?
False
